{"id":29,"date":"2021-05-02T10:57:35","date_gmt":"2021-05-02T10:57:35","guid":{"rendered":"https:\/\/dunkle-leidenschaft.de\/?page_id=29"},"modified":"2026-03-03T14:05:24","modified_gmt":"2026-03-03T14:05:24","slug":"home","status":"publish","type":"page","link":"https:\/\/dunkle-leidenschaft.de\/","title":{"rendered":"Home"},"content":{"rendered":"\n<p>Aktuelle Neuerscheinung: <a href=\"https:\/\/www.amazon.de\/dp\/B0GR11Q1N6\/ref=sr_1_1?__mk_de_DE=%C3%85M%C3%85%C5%BD%C3%95%C3%91&amp;crid=2D1ODSX5AWDPJ&amp;dib=eyJ2IjoiMSJ9.4RLcFbPDBHOMRYvse5poxE-u_0lh2FmFXvW986BaxaLf-pNJawvEGnBTP9S9ASWULFuwAxS1fzUWL9XDRWKHBfDn9U-V6K_tpHsaksI4PMqHfudgECSldwV9oZVWgSd-FscwXIvBXUh2T2NCodgqY276Fxizd7Hfw1TRvcipJbZf2lHqMKxmNqV8g9PYGqoGM-Wtc_Qpqs5OAWlEDxIwKlOBEG2PeIQgM7-3mn5y-tM.zglLgZBiI4szwza3QxU37k-Uj5REkY4O_YsTEl1r3dY&amp;dib_tag=se&amp;keywords=hoffnungslos+chris+drescher&amp;qid=1772545763&amp;sprefix=hoffnungslos+chris+drescher%2Caps%2C138&amp;sr=8-1\" data-type=\"URL\" target=\"_blank\" rel=\"noreferrer noopener\">Hoffnungslos &#8211; BDSM-Roman<\/a><\/p>\n\n\n\n<div class=\"wp-block-media-text alignwide is-stacked-on-mobile\" style=\"grid-template-columns:30% auto\"><figure class=\"wp-block-media-text__media\"><a href=\"https:\/\/www.amazon.de\/dp\/B0FPMV398L\/ref=sr_1_1?__mk_de_DE=\u00c5M\u00c5\u017d\u00d5\u00d1&amp;crid=1F7852ZA80IDU&amp;dib=eyJ2IjoiMSJ9.CrxEmrwdVWQsqB5x8cWc3jJnKKadcsY7ywkHnXdaCyOmXi6U-hESW8Ar5vUY9OiK.FiYBQRlg9rE-Xf0Z-DA_p7A7j5V8AQOIp731sQwQI_A&amp;dib_tag=se&amp;keywords=verwechslungsgefahr+drescher&amp;qid=1756959059&amp;sprefix=verwechslungsgefahr+drescher%2B%2Caps%2C161&amp;sr=8-1\" target=\"_blank\" rel=\"noopener\"><img loading=\"lazy\" decoding=\"async\" width=\"640\" height=\"1024\" src=\"https:\/\/dunkle-leidenschaft.de\/wp-content\/uploads\/2026\/03\/Hoffnungslos-1-640x1024.jpg\" alt=\"\" class=\"wp-image-556 size-full\" srcset=\"https:\/\/dunkle-leidenschaft.de\/wp-content\/uploads\/2026\/03\/Hoffnungslos-1-640x1024.jpg 640w, https:\/\/dunkle-leidenschaft.de\/wp-content\/uploads\/2026\/03\/Hoffnungslos-1-188x300.jpg 188w, https:\/\/dunkle-leidenschaft.de\/wp-content\/uploads\/2026\/03\/Hoffnungslos-1-768x1229.jpg 768w, https:\/\/dunkle-leidenschaft.de\/wp-content\/uploads\/2026\/03\/Hoffnungslos-1-960x1536.jpg 960w, https:\/\/dunkle-leidenschaft.de\/wp-content\/uploads\/2026\/03\/Hoffnungslos-1-580x928.jpg 580w, https:\/\/dunkle-leidenschaft.de\/wp-content\/uploads\/2026\/03\/Hoffnungslos-1-860x1376.jpg 860w, https:\/\/dunkle-leidenschaft.de\/wp-content\/uploads\/2026\/03\/Hoffnungslos-1-1160x1856.jpg 1160w, https:\/\/dunkle-leidenschaft.de\/wp-content\/uploads\/2026\/03\/Hoffnungslos-1.jpg 1200w\" sizes=\"auto, (max-width: 640px) 100vw, 640px\" \/><\/a><\/figure><div class=\"wp-block-media-text__content\">\n<p>Malea Winther ist eine junge, obdachlose Frau, die sich bei einem gutbetuchten Mann als Haush\u00e4lterin bewirbt. Um seiner Mutter eins auszuwischen, engagiert er die junge Malea. Doch schnell entwickelt sich bedeutend mehr zwischen den beiden und sie kommen sich auf spielerischer Ebene n\u00e4her. Dass dies bei Malea ein Gef\u00fchlschaos ausl\u00f6st, damit h\u00e4tte sie wohl rechnen m\u00fcssen. Die gnadenlose Reaktion seiner Mutter l\u00e4sst sie ebenfalls an allem zweifeln. Hat diese Spielbeziehung eine Zukunft?<\/p>\n\n\n\n<p><\/p>\n\n\n\n<figure class=\"wp-block-image size-large is-resized\"><a href=\"https:\/\/www.amazon.de\/dp\/B0GR11Q1N6\/ref=sr_1_1?__mk_de_DE=%C3%85M%C3%85%C5%BD%C3%95%C3%91&amp;crid=2D1ODSX5AWDPJ&amp;dib=eyJ2IjoiMSJ9.4RLcFbPDBHOMRYvse5poxE-u_0lh2FmFXvW986BaxaLf-pNJawvEGnBTP9S9ASWULFuwAxS1fzUWL9XDRWKHBfDn9U-V6K_tpHsaksI4PMqHfudgECSldwV9oZVWgSd-FscwXIvBXUh2T2NCodgqY276Fxizd7Hfw1TRvcipJbZf2lHqMKxmNqV8g9PYGqoGM-Wtc_Qpqs5OAWlEDxIwKlOBEG2PeIQgM7-3mn5y-tM.zglLgZBiI4szwza3QxU37k-Uj5REkY4O_YsTEl1r3dY&amp;dib_tag=se&amp;keywords=hoffnungslos+chris+drescher&amp;qid=1772545763&amp;sprefix=hoffnungslos+chris+drescher%2Caps%2C138&amp;sr=8-1\" target=\"_blank\" rel=\"noopener\"><img loading=\"lazy\" decoding=\"async\" width=\"200\" height=\"60\" src=\"https:\/\/dunkle-leidenschaft.de\/wp-content\/uploads\/2021\/05\/JETZT-LESEN-BUTTON.jpg\" alt=\"\" class=\"wp-image-18\" style=\"width:200px;height:auto\"\/><\/a><\/figure>\n<\/div><\/div>\n\n\n<div class=\"n2-section-smartslider fitvidsignore  n2_clear\" data-ssid=\"2\" tabindex=\"0\" role=\"region\" aria-label=\"Slider\"><div id=\"n2-ss-2-align\" class=\"n2-ss-align\"><div class=\"n2-padding\"><div id=\"n2-ss-2\" data-creator=\"Smart Slider 3\" data-responsive=\"fullwidth\" class=\"n2-ss-slider n2-ow n2-has-hover n2notransition   n2-ss-slider-carousel-animation-horizontal\">\n\n\n\n\n\n\n\n<div class=\"n2-ss-slider-wrapper-outside\" style=\"grid-template-rows:1fr auto\"><div class=\"n2-ss-slider-wrapper-inside\">        <div class=\"n2-ss-slider-1 n2_ss__touch_element n2-ow\">\n            <div class=\"n2-ss-slider-2 n2-ow\">\n                                <div class=\"n2-ss-slider-3 n2-ow\">\n                    <svg xmlns=\"http:\/\/www.w3.org\/2000\/svg\" viewBox=\"0 0 300 500\" data-related-device=\"desktopPortrait\" class=\"n2-ow n2-ss-preserve-size n2-ss-preserve-size--slider n2-ss-slide-limiter\" style=\"max-width:300px\"><\/svg>                    <div class=\"n2-ss-slider-pane n2-ow\">\n                        <svg xmlns=\"http:\/\/www.w3.org\/2000\/svg\" viewBox=\"0 0 300 460\" class=\"n2-ow n2-ss-preserve-size n2-ss-slide-limiter\"><\/svg>\n                        <div data-first=\"1\" data-slide-duration=\"0\" data-id=\"69\" data-slide-public-id=\"1\" data-title=\"Verdachtsmoment\" data-haslink=\"1\" data-href=\"https:\/\/www.amazon.de\/Verdachtsmoment-BDSM-Roman-Chris-Drescher-ebook\/dp\/B0GBYMGSY9\/ref=sr_1_1?__mk_de_DE=\u00c5M\u00c5\u017d\u00d5\u00d1&amp;crid=1CA4MDM27MLKT&amp;dib=eyJ2IjoiMSJ9._WBPj3eEgrJ9ceqJ2myanV_o7fth6lqBgxOWysW7rn3f-pNJawvEGnBTP9S9ASWU-hPbB7JsqAh6nUL0mtXGI6nP8DDb1bvQtNgED7XoroRz-nQ3apDiKrpRYURAQ_jVC2Rx-epJcBDM7HPPYGWInm3OvmJNl77KrxTCuY1halQ4woF_H5xge-PgRfBe_cbP_ne3LOQm3TXGELUKp4HyuOav62bVay1cKCHRCv1rfiM.yHE-5JB5b7_FaQejB5wpyXw4UGGohj6AkjmVcVIUfZU&amp;dib_tag=se&amp;keywords=verdachtsmoment+chris+drescher&amp;qid=1772546550&amp;sprefix=verdachtsmoment+chris+drescher%2Caps%2C122&amp;sr=8-1\" tabindex=\"0\" role=\"button\" data-n2click=\"url\" data-force-pointer=\"\" class=\"n2-ss-slide  n2-ss-slide-69 n2-ow\"><div class=\"n2-ss-slide-background\" data-public-id=\"1\" data-mode=\"fill\"><div class=\"n2-ss-slide-background-image\" data-blur=\"0\" data-opacity=\"100\" data-x=\"50\" data-y=\"50\" data-alt=\"\" data-title=\"\"><picture class=\"skip-lazy\" data-skip-lazy=\"1\"><source srcset=\"\/\/dunkle-leidenschaft.de\/wp-content\/uploads\/slider\/cache\/44003020996dd11254c810f01959363b\/Verdachtsmoment.webp\" type=\"image\/webp\" media=\"(max-width: 500px)\" class=\"skip-lazy\" data-skip-lazy=\"1\"><source srcset=\"\/\/dunkle-leidenschaft.de\/wp-content\/uploads\/slider\/cache\/97a8181ec19460e9ea2f569419083889\/Verdachtsmoment.webp\" type=\"image\/webp\" class=\"skip-lazy\" data-skip-lazy=\"1\"><img decoding=\"async\" src=\"\/\/dunkle-leidenschaft.de\/wp-content\/uploads\/slider\/cache\/1ccac316cf66c0cd9ab9ca8e6dca5bdb\/Verdachtsmoment.jpg\" alt=\"\" title=\"\" loading=\"lazy\" class=\"skip-lazy\" data-skip-lazy=\"1\"><\/picture><\/div><div data-color=\"RGBA(255,255,255,0)\" style=\"background-color: RGBA(255,255,255,0);\" class=\"n2-ss-slide-background-color\"><\/div><\/div><div role=\"note\" class=\"n2-ss-slide--focus\">Verdachtsmoment<\/div><div class=\"n2-ss-layers-container n2-ss-slide-limiter n2-ow\"><div class=\"n2-ss-layer n2-ow n-uc-tfzFjLtzBrd9\" data-sstype=\"slide\" data-pm=\"default\"><\/div><\/div><\/div><div data-slide-duration=\"0\" data-id=\"68\" data-slide-public-id=\"2\" aria-hidden=\"true\" data-title=\"Cover Verwechslungsgefahr\" data-haslink=\"1\" data-href=\"https:\/\/www.amazon.de\/dp\/B0FPMV398L\/ref=sr_1_1?__mk_de_DE=\u00c5M\u00c5\u017d\u00d5\u00d1&amp;crid=1F7852ZA80IDU&amp;dib=eyJ2IjoiMSJ9.CrxEmrwdVWQsqB5x8cWc3jJnKKadcsY7ywkHnXdaCyOmXi6U-hESW8Ar5vUY9OiK.FiYBQRlg9rE-Xf0Z-DA_p7A7j5V8AQOIp731sQwQI_A&amp;dib_tag=se&amp;keywords=verwechslungsgefahr+drescher&amp;qid=1756959059&amp;sprefix=verwechslungsgefahr+drescher%2B%2Caps%2C161&amp;sr=8-1\" tabindex=\"0\" role=\"button\" data-n2click=\"url\" data-force-pointer=\"\" class=\"n2-ss-slide  n2-ss-slide-68 n2-ow\"><div class=\"n2-ss-slide-background\" data-public-id=\"2\" data-mode=\"fill\"><div class=\"n2-ss-slide-background-image\" data-blur=\"0\" data-opacity=\"100\" data-x=\"50\" data-y=\"50\" data-alt=\"\" data-title=\"\"><picture class=\"skip-lazy\" data-skip-lazy=\"1\"><source srcset=\"\/\/dunkle-leidenschaft.de\/wp-content\/uploads\/slider\/cache\/0309e7c54c348c17f2069809f34e8fa5\/Cover-Verwechslungsgefahr-.webp\" type=\"image\/webp\" media=\"(max-width: 500px)\" class=\"skip-lazy\" data-skip-lazy=\"1\"><source srcset=\"\/\/dunkle-leidenschaft.de\/wp-content\/uploads\/slider\/cache\/09bd00ce6e418c511100291e0610e640\/Cover-Verwechslungsgefahr-.webp\" type=\"image\/webp\" class=\"skip-lazy\" data-skip-lazy=\"1\"><img decoding=\"async\" src=\"\/\/dunkle-leidenschaft.de\/wp-content\/uploads\/slider\/cache\/122116d53c07b38f0f0c6b92bc866aaf\/Cover-Verwechslungsgefahr-.jpg\" alt=\"\" title=\"\" loading=\"lazy\" class=\"skip-lazy\" data-skip-lazy=\"1\"><\/picture><\/div><div data-color=\"RGBA(255,255,255,0)\" style=\"background-color: RGBA(255,255,255,0);\" class=\"n2-ss-slide-background-color\"><\/div><\/div><div role=\"note\" class=\"n2-ss-slide--focus\">Cover Verwechslungsgefahr<\/div><div class=\"n2-ss-layers-container n2-ss-slide-limiter n2-ow\"><div class=\"n2-ss-layer n2-ow n-uc-u8Zz20OXmolb\" data-sstype=\"slide\" data-pm=\"default\"><\/div><\/div><\/div><div data-slide-duration=\"0\" data-id=\"67\" data-slide-public-id=\"3\" aria-hidden=\"true\" data-title=\"Cover Schmerztherapie\" data-haslink=\"1\" data-href=\"https:\/\/www.amazon.de\/dp\/B0FKBXX82M\/ref=sr_1_1?__mk_de_DE=%C3%85M%C3%85%C5%BD%C3%95%C3%91&amp;crid=2Z947JCIEBEP9&amp;dib=eyJ2IjoiMSJ9.t4c8miy3Vmo9oAF1mVuciEL8Ww7bl2l15DMHTigIYADWMix4I7hrJPEzdTFPpRxYDAdVIOffMyngeZJhLTzgGjeBdTePPZV8tMWAeoWOtd9RAWjUPQhRHlvjvaIsbvbevI4pgTjsiFGSbzAT-V3UvIv9s2wAMHXcfguQ5e-zMib8RiIHkIcKcGFNYnFHbT1jnrA9n2_LvSDVBMjWxMAFKuJnHnBwKSjEMCw1-Cwbks0.t4sJyA2xLruLG6Q_q6TYVXY24wmEvHNz2h1a3D1OIN4&amp;dib_tag=se&amp;keywords=schmerztherapie+chris+drescher&amp;qid=1753808809&amp;sprefix=schmerztherapie+chris+drescher%2Caps%2C87&amp;sr=8-1\" tabindex=\"0\" role=\"button\" data-n2click=\"url\" data-force-pointer=\"\" class=\"n2-ss-slide  n2-ss-slide-67 n2-ow\"><div class=\"n2-ss-slide-background\" data-public-id=\"3\" data-mode=\"fill\"><div class=\"n2-ss-slide-background-image\" data-blur=\"0\" data-opacity=\"100\" data-x=\"50\" data-y=\"50\" data-alt=\"\" data-title=\"\"><picture class=\"skip-lazy\" data-skip-lazy=\"1\"><source srcset=\"\/\/dunkle-leidenschaft.de\/wp-content\/uploads\/slider\/cache\/6f420c8274c80afd0837f3d410350cef\/Cover-Schmerztherapie.webp\" type=\"image\/webp\" media=\"(max-width: 500px)\" class=\"skip-lazy\" data-skip-lazy=\"1\"><source srcset=\"\/\/dunkle-leidenschaft.de\/wp-content\/uploads\/slider\/cache\/99389cab71a99433e074bce14d2d886f\/Cover-Schmerztherapie.webp\" type=\"image\/webp\" class=\"skip-lazy\" data-skip-lazy=\"1\"><img decoding=\"async\" src=\"\/\/dunkle-leidenschaft.de\/wp-content\/uploads\/slider\/cache\/6ed153cd8735919f047e8b69781645aa\/Cover-Schmerztherapie.jpg\" alt=\"\" title=\"\" loading=\"lazy\" class=\"skip-lazy\" data-skip-lazy=\"1\"><\/picture><\/div><div data-color=\"RGBA(255,255,255,0)\" style=\"background-color: RGBA(255,255,255,0);\" class=\"n2-ss-slide-background-color\"><\/div><\/div><div role=\"note\" class=\"n2-ss-slide--focus\">Cover Schmerztherapie<\/div><div class=\"n2-ss-layers-container n2-ss-slide-limiter n2-ow\"><div class=\"n2-ss-layer n2-ow n-uc-ZcHlPicyzONd\" data-sstype=\"slide\" data-pm=\"default\"><\/div><\/div><\/div><div data-slide-duration=\"0\" data-id=\"65\" data-slide-public-id=\"4\" aria-hidden=\"true\" data-title=\"Cover unwu\u0308rdig\" data-haslink=\"1\" data-href=\"https:\/\/www.amazon.de\/dp\/B0DN27GZJX\/ref=sr_1_1?__mk_de_DE=\u00c5M\u00c5\u017d\u00d5\u00d1&amp;crid=2PNRQRUFUD078&amp;dib=eyJ2IjoiMSJ9.b3eMJooxfXbyOHBZNUhhHLJ26CpE86oj0LmNEkr2T5WRqc1Sgcmf5-6OXaByklh1PqWmpj4pdi1rloC0rm-meGXC6af_TN0RrQf03uMrKqkR6csV8el8wCNS9D3kBl3otN4sviEhS-oNoKVrbZnuE34Hd4deqVrK_WoPtPv1NahuMuXt0Gv-N-0mtttNP_vYZDSQeQW5BVOyoh_fytd5TUb-yc2QfMFNi5nyjpnsEeY.YWi2L-ly-0MVDRvJVCYeSMw5_bx7Y_fxkHLZOJ0_hw4&amp;dib_tag=se&amp;keywords=%28un%29w\u00fcrdig&amp;nsdOptOutParam=true&amp;qid=1731646002&amp;sprefix=un+w\u00fcrdig%2Caps%2C93&amp;sr=8-1\" tabindex=\"0\" role=\"button\" data-n2click=\"url\" data-force-pointer=\"\" class=\"n2-ss-slide  n2-ss-slide-65 n2-ow\"><div class=\"n2-ss-slide-background\" data-public-id=\"4\" data-mode=\"fill\"><div class=\"n2-ss-slide-background-image\" data-blur=\"0\" data-opacity=\"100\" data-x=\"50\" data-y=\"50\" data-alt=\"\" data-title=\"\"><picture class=\"skip-lazy\" data-skip-lazy=\"1\"><source srcset=\"\/\/dunkle-leidenschaft.de\/wp-content\/uploads\/slider\/cache\/68980d9cc93d4a27dcaf1279a58651dd\/Cover-unwu\u0308rdig.webp\" type=\"image\/webp\" media=\"(max-width: 500px)\" class=\"skip-lazy\" data-skip-lazy=\"1\"><source srcset=\"\/\/dunkle-leidenschaft.de\/wp-content\/uploads\/slider\/cache\/a4c25bc5ed6a84763137c32a972de256\/Cover-unwu\u0308rdig.webp\" type=\"image\/webp\" class=\"skip-lazy\" data-skip-lazy=\"1\"><img decoding=\"async\" src=\"\/\/dunkle-leidenschaft.de\/wp-content\/uploads\/slider\/cache\/97a7262570c796ca7d5931ac37c66c0e\/Cover-unwu\u0308rdig.jpg\" alt=\"\" title=\"\" loading=\"lazy\" class=\"skip-lazy\" data-skip-lazy=\"1\"><\/picture><\/div><div data-color=\"RGBA(255,255,255,0)\" style=\"background-color: RGBA(255,255,255,0);\" class=\"n2-ss-slide-background-color\"><\/div><\/div><div role=\"note\" class=\"n2-ss-slide--focus\">Cover unwu\u0308rdig<\/div><div class=\"n2-ss-layers-container n2-ss-slide-limiter n2-ow\"><div class=\"n2-ss-layer n2-ow n-uc-RnfVndKnINkU\" data-sstype=\"slide\" data-pm=\"default\"><\/div><\/div><\/div><div data-slide-duration=\"0\" data-id=\"66\" data-slide-public-id=\"5\" aria-hidden=\"true\" data-title=\"Cover-Freiheit-Kopie\" data-haslink=\"1\" data-href=\"https:\/\/www.amazon.de\/Freiheit-BDSM-Roman-Chris-Drescher-ebook\/dp\/B0D6Z2Z727\/ref=sr_1_1?__mk_de_DE=\u00c5M\u00c5\u017d\u00d5\u00d1&amp;crid=15DFFNQPDEBCL&amp;dib=eyJ2IjoiMSJ9.xE4RDw92WY0bzbQTWO2yiOjg2d4Wd1nlH-rNbHF4k_BvknXgDv8BtcHL2Ci2PlnGFtOcQDododIpMMiCvw2f3r9dnMjPl19jWggRitVzchm_0vzVqHQJGCcc--aLcc6oCKWb2rcC4bjHQWVO7_kgzGVA7IiufuLMKv2ToFTCfFpjMVNZkOnWCKuBAnKqxPht15ICrvVgrlp3wNWrAm2KnIuLHTJO8-eQD5B1oasGf_I.LvMmfXkaYiv9uzjE21zNOC9FVOAhEgajtG74ubdpekU&amp;dib_tag=se&amp;keywords=freiheit+drescher&amp;nsdOptOutParam=true&amp;qid=1731646483&amp;sprefix=freiheit+drescher%2Caps%2C92&amp;sr=8-1\" tabindex=\"0\" role=\"button\" data-n2click=\"url\" data-force-pointer=\"\" class=\"n2-ss-slide  n2-ss-slide-66 n2-ow\"><div class=\"n2-ss-slide-background\" data-public-id=\"5\" data-mode=\"fill\"><div class=\"n2-ss-slide-background-image\" data-blur=\"0\" data-opacity=\"100\" data-x=\"50\" data-y=\"50\" data-alt=\"\" data-title=\"\"><picture class=\"skip-lazy\" data-skip-lazy=\"1\"><source srcset=\"\/\/dunkle-leidenschaft.de\/wp-content\/uploads\/slider\/cache\/cafb6c83a2e8a5f0925081511c7130fb\/Cover-Freiheit-Kopie.webp\" type=\"image\/webp\" media=\"(max-width: 500px)\" class=\"skip-lazy\" data-skip-lazy=\"1\"><source srcset=\"\/\/dunkle-leidenschaft.de\/wp-content\/uploads\/slider\/cache\/caf3d60d0dad1f0d16553723b193b947\/Cover-Freiheit-Kopie.webp\" type=\"image\/webp\" class=\"skip-lazy\" data-skip-lazy=\"1\"><img decoding=\"async\" src=\"\/\/dunkle-leidenschaft.de\/wp-content\/uploads\/slider\/cache\/87d72ea46aceba5057913cde61b02e35\/Cover-Freiheit-Kopie.jpg\" alt=\"\" title=\"\" loading=\"lazy\" class=\"skip-lazy\" data-skip-lazy=\"1\"><\/picture><\/div><div data-color=\"RGBA(255,255,255,0)\" style=\"background-color: RGBA(255,255,255,0);\" class=\"n2-ss-slide-background-color\"><\/div><\/div><div role=\"note\" class=\"n2-ss-slide--focus\">Cover-Freiheit-Kopie<\/div><div class=\"n2-ss-layers-container n2-ss-slide-limiter n2-ow\"><div class=\"n2-ss-layer n2-ow n-uc-4MizLFj11jqW\" data-sstype=\"slide\" data-pm=\"default\"><\/div><\/div><\/div><div data-slide-duration=\"0\" data-id=\"64\" data-slide-public-id=\"6\" aria-hidden=\"true\" data-title=\"Gewaltige-Wandlung-Cover-final\" data-haslink=\"1\" data-href=\"https:\/\/www.amazon.de\/dp\/B0CQRJM14T\/ref=sr_1_1?__mk_de_DE=\u00c5M\u00c5\u017d\u00d5\u00d1&amp;crid=22EGKJXUNCL8U&amp;keywords=gewaltige+wandlung&amp;qid=1703305790&amp;sprefix=gewaltige+wandlung%2Caps%2C79&amp;sr=8-1\" tabindex=\"0\" role=\"button\" data-n2click=\"url\" data-force-pointer=\"\" class=\"n2-ss-slide  n2-ss-slide-64 n2-ow\"><div class=\"n2-ss-slide-background\" data-public-id=\"6\" data-mode=\"fill\"><div class=\"n2-ss-slide-background-image\" data-blur=\"0\" data-opacity=\"100\" data-x=\"50\" data-y=\"50\" data-alt=\"\" data-title=\"\"><picture class=\"skip-lazy\" data-skip-lazy=\"1\"><source srcset=\"\/\/dunkle-leidenschaft.de\/wp-content\/uploads\/slider\/cache\/70c7a757771c77a01bb428c9023c66ca\/Gewaltige-Wandlung-Cover-final.webp\" type=\"image\/webp\" media=\"(max-width: 500px)\" class=\"skip-lazy\" data-skip-lazy=\"1\"><source srcset=\"\/\/dunkle-leidenschaft.de\/wp-content\/uploads\/slider\/cache\/c1692ed1c8186188922fab2aef5a8a1d\/Gewaltige-Wandlung-Cover-final.webp\" type=\"image\/webp\" class=\"skip-lazy\" data-skip-lazy=\"1\"><img decoding=\"async\" src=\"\/\/dunkle-leidenschaft.de\/wp-content\/uploads\/slider\/cache\/800874d3e334f8abf6af278296f223ba\/Gewaltige-Wandlung-Cover-final.jpg\" alt=\"\" title=\"\" loading=\"lazy\" class=\"skip-lazy\" data-skip-lazy=\"1\"><\/picture><\/div><div data-color=\"RGBA(255,255,255,0)\" style=\"background-color: RGBA(255,255,255,0);\" class=\"n2-ss-slide-background-color\"><\/div><\/div><div role=\"note\" class=\"n2-ss-slide--focus\">Gewaltige-Wandlung-Cover-final<\/div><div class=\"n2-ss-layers-container n2-ss-slide-limiter n2-ow\"><div class=\"n2-ss-layer n2-ow n-uc-JZ4EfZcdYtfr\" data-sstype=\"slide\" data-pm=\"default\"><\/div><\/div><\/div><div data-slide-duration=\"0\" data-id=\"63\" data-slide-public-id=\"7\" aria-hidden=\"true\" data-title=\"Die-Lektion-Cover-Kopie\" data-haslink=\"1\" data-href=\"https:\/\/www.amazon.de\/Die-Lektion-BDSM-Roman-Chris-Drescher-ebook\/dp\/B0CFZPSFPF\/?_encoding=UTF8&amp;pd_rd_w=amOQS&amp;content-id=amzn1.sym.c04b8eba-c028-41f1-93ba-155bc9f5a303&amp;pf_rd_p=c04b8eba-c028-41f1-93ba-155bc9f5a303&amp;pf_rd_r=259-5734882-5074160&amp;pd_rd_wg=MvhKL&amp;pd_rd_r=1133ed3f-47d8-41f7-a8be-96bdb5e8b9d6&amp;ref_=aufs_ap_sc_dsk\" tabindex=\"0\" role=\"button\" data-n2click=\"url\" data-force-pointer=\"\" class=\"n2-ss-slide  n2-ss-slide-63 n2-ow\"><div class=\"n2-ss-slide-background\" data-public-id=\"7\" data-mode=\"fill\"><div class=\"n2-ss-slide-background-image\" data-blur=\"0\" data-opacity=\"100\" data-x=\"50\" data-y=\"50\" data-alt=\"\" data-title=\"\"><picture class=\"skip-lazy\" data-skip-lazy=\"1\"><source srcset=\"\/\/dunkle-leidenschaft.de\/wp-content\/uploads\/slider\/cache\/a096b482a32aa7eb3a831f3ad48909fa\/Die-Lektion-Cover-Kopie.webp\" type=\"image\/webp\" media=\"(max-width: 500px)\" class=\"skip-lazy\" data-skip-lazy=\"1\"><source srcset=\"\/\/dunkle-leidenschaft.de\/wp-content\/uploads\/slider\/cache\/3c5c47314f70fe44ae64850c30c17cae\/Die-Lektion-Cover-Kopie.webp\" type=\"image\/webp\" class=\"skip-lazy\" data-skip-lazy=\"1\"><img decoding=\"async\" src=\"\/\/dunkle-leidenschaft.de\/wp-content\/uploads\/slider\/cache\/1a0706724d8d7b41fb3bdbd174f913dd\/Die-Lektion-Cover-Kopie.jpg\" alt=\"\" title=\"\" loading=\"lazy\" class=\"skip-lazy\" data-skip-lazy=\"1\"><\/picture><\/div><div data-color=\"RGBA(255,255,255,0)\" style=\"background-color: RGBA(255,255,255,0);\" class=\"n2-ss-slide-background-color\"><\/div><\/div><div role=\"note\" class=\"n2-ss-slide--focus\">Die-Lektion-Cover-Kopie<\/div><div class=\"n2-ss-layers-container n2-ss-slide-limiter n2-ow\"><div class=\"n2-ss-layer n2-ow n-uc-eX59SSWFENw5\" data-sstype=\"slide\" data-pm=\"default\"><\/div><\/div><\/div><div data-slide-duration=\"0\" data-id=\"62\" data-slide-public-id=\"8\" aria-hidden=\"true\" data-title=\"Die-Jagd-Cover\" data-haslink=\"1\" data-href=\"https:\/\/www.amazon.de\/Die-Jagd-BDSM-Roman-Chris-Drescher-ebook\/dp\/B0C5Y82YLJ?ref_=ast_author_mpb\" tabindex=\"0\" role=\"button\" data-n2click=\"url\" data-force-pointer=\"\" class=\"n2-ss-slide  n2-ss-slide-62 n2-ow\"><div class=\"n2-ss-slide-background\" data-public-id=\"8\" data-mode=\"fill\"><div class=\"n2-ss-slide-background-image\" data-blur=\"0\" data-opacity=\"100\" data-x=\"50\" data-y=\"50\" data-alt=\"\" data-title=\"\"><picture class=\"skip-lazy\" data-skip-lazy=\"1\"><source srcset=\"\/\/dunkle-leidenschaft.de\/wp-content\/uploads\/slider\/cache\/941e9ea7c830141b27153bdf9bc26d53\/Die-Jagd-Cover.webp\" type=\"image\/webp\" media=\"(max-width: 500px)\" class=\"skip-lazy\" data-skip-lazy=\"1\"><source srcset=\"\/\/dunkle-leidenschaft.de\/wp-content\/uploads\/slider\/cache\/73c5d53e98001e16baf964c8b1e8126e\/Die-Jagd-Cover.webp\" type=\"image\/webp\" class=\"skip-lazy\" data-skip-lazy=\"1\"><img decoding=\"async\" src=\"\/\/dunkle-leidenschaft.de\/wp-content\/uploads\/slider\/cache\/8434175ac3fa9c8c3361412e5d7a1332\/Die-Jagd-Cover.jpg\" alt=\"\" title=\"\" loading=\"lazy\" class=\"skip-lazy\" data-skip-lazy=\"1\"><\/picture><\/div><div data-color=\"RGBA(255,255,255,0)\" style=\"background-color: RGBA(255,255,255,0);\" class=\"n2-ss-slide-background-color\"><\/div><\/div><div role=\"note\" class=\"n2-ss-slide--focus\">Die-Jagd-Cover<\/div><div class=\"n2-ss-layers-container n2-ss-slide-limiter n2-ow\"><div class=\"n2-ss-layer n2-ow n-uc-6e274e1InI6h\" data-sstype=\"slide\" data-pm=\"default\"><\/div><\/div><\/div><div data-slide-duration=\"0\" data-id=\"61\" data-slide-public-id=\"9\" aria-hidden=\"true\" data-title=\"verborgen Kopie\" data-haslink=\"1\" data-href=\"https:\/\/www.amazon.de\/gp\/product\/B0BVBSXZJV\/ref=dbs_a_def_rwt_bibl_vppi_i0\" tabindex=\"0\" role=\"button\" data-n2click=\"url\" data-force-pointer=\"\" class=\"n2-ss-slide  n2-ss-slide-61 n2-ow\"><div class=\"n2-ss-slide-background\" data-public-id=\"9\" data-mode=\"fill\"><div class=\"n2-ss-slide-background-image\" data-blur=\"0\" data-opacity=\"100\" data-x=\"50\" data-y=\"50\" data-alt=\"\" data-title=\"\"><picture class=\"skip-lazy\" data-skip-lazy=\"1\"><source srcset=\"\/\/dunkle-leidenschaft.de\/wp-content\/uploads\/slider\/cache\/1d0b5c89f87c330f937127d8c3317fb0\/verborgen-Kopie.webp\" type=\"image\/webp\" media=\"(max-width: 500px)\" class=\"skip-lazy\" data-skip-lazy=\"1\"><source srcset=\"\/\/dunkle-leidenschaft.de\/wp-content\/uploads\/slider\/cache\/137271bdfd899e72bf598643643091d8\/verborgen-Kopie.webp\" type=\"image\/webp\" class=\"skip-lazy\" data-skip-lazy=\"1\"><img decoding=\"async\" src=\"\/\/dunkle-leidenschaft.de\/wp-content\/uploads\/slider\/cache\/2407ef1c0bbdc0cc74d3c4bbf484fd32\/verborgen-Kopie.jpg\" alt=\"\" title=\"\" loading=\"lazy\" class=\"skip-lazy\" data-skip-lazy=\"1\"><\/picture><\/div><div data-color=\"RGBA(255,255,255,0)\" style=\"background-color: RGBA(255,255,255,0);\" class=\"n2-ss-slide-background-color\"><\/div><\/div><div role=\"note\" class=\"n2-ss-slide--focus\">verborgen Kopie<\/div><div class=\"n2-ss-layers-container n2-ss-slide-limiter n2-ow\"><div class=\"n2-ss-layer n2-ow n-uc-H1DiUFcfG0NH\" data-sstype=\"slide\" data-pm=\"default\"><\/div><\/div><\/div>                    <\/div>\n                <\/div>\n                            <\/div>\n        <\/div>\n        <div class=\"n2-ss-slider-controls n2-ss-slider-controls-absolute-left-center\"><div style=\"--widget-offset:15px;\" class=\"n2-ss-widget nextend-arrow n2-ow-all nextend-arrow-previous  nextend-arrow-animated-fade\" data-hide-mobileportrait=\"1\" id=\"n2-ss-2-arrow-previous\" role=\"button\" aria-label=\"previous arrow\" tabindex=\"0\"><img loading=\"lazy\" decoding=\"async\" width=\"32\" height=\"32\" class=\"skip-lazy\" data-skip-lazy=\"1\" src=\"data:image\/svg+xml;base64,PHN2ZyB3aWR0aD0iMzIiIGhlaWdodD0iMzIiIHZpZXdCb3g9IjAgMCAzMiAzMiIgeG1sbnM9Imh0dHA6Ly93d3cudzMub3JnLzIwMDAvc3ZnIj4KICAgIDxwYXRoIGQ9Ik0xMS40MzMgMTUuOTkyTDIyLjY5IDUuNzEyYy4zOTMtLjM5LjM5My0xLjAzIDAtMS40Mi0uMzkzLS4zOS0xLjAzLS4zOS0xLjQyMyAwbC0xMS45OCAxMC45NGMtLjIxLjIxLS4zLjQ5LS4yODUuNzYtLjAxNS4yOC4wNzUuNTYuMjg0Ljc3bDExLjk4IDEwLjk0Yy4zOTMuMzkgMS4wMy4zOSAxLjQyNCAwIC4zOTMtLjQuMzkzLTEuMDMgMC0xLjQybC0xMS4yNTctMTAuMjkiCiAgICAgICAgICBmaWxsPSIjZmZmZmZmIiBvcGFjaXR5PSIwLjgiIGZpbGwtcnVsZT0iZXZlbm9kZCIvPgo8L3N2Zz4=\" alt=\"previous arrow\"><\/div><\/div><div class=\"n2-ss-slider-controls n2-ss-slider-controls-absolute-right-center\"><div style=\"--widget-offset:15px;\" class=\"n2-ss-widget nextend-arrow n2-ow-all nextend-arrow-next  nextend-arrow-animated-fade\" data-hide-mobileportrait=\"1\" id=\"n2-ss-2-arrow-next\" role=\"button\" aria-label=\"next arrow\" tabindex=\"0\"><img loading=\"lazy\" decoding=\"async\" width=\"32\" height=\"32\" class=\"skip-lazy\" data-skip-lazy=\"1\" src=\"data:image\/svg+xml;base64,PHN2ZyB3aWR0aD0iMzIiIGhlaWdodD0iMzIiIHZpZXdCb3g9IjAgMCAzMiAzMiIgeG1sbnM9Imh0dHA6Ly93d3cudzMub3JnLzIwMDAvc3ZnIj4KICAgIDxwYXRoIGQ9Ik0xMC43MjIgNC4yOTNjLS4zOTQtLjM5LTEuMDMyLS4zOS0xLjQyNyAwLS4zOTMuMzktLjM5MyAxLjAzIDAgMS40MmwxMS4yODMgMTAuMjgtMTEuMjgzIDEwLjI5Yy0uMzkzLjM5LS4zOTMgMS4wMiAwIDEuNDIuMzk1LjM5IDEuMDMzLjM5IDEuNDI3IDBsMTIuMDA3LTEwLjk0Yy4yMS0uMjEuMy0uNDkuMjg0LS43Ny4wMTQtLjI3LS4wNzYtLjU1LS4yODYtLjc2TDEwLjcyIDQuMjkzeiIKICAgICAgICAgIGZpbGw9IiNmZmZmZmYiIG9wYWNpdHk9IjAuOCIgZmlsbC1ydWxlPSJldmVub2RkIi8+Cjwvc3ZnPg==\" alt=\"next arrow\"><\/div><\/div><\/div><div class=\"n2-ss-slider-controls n2-ss-slider-controls-below\"><div style=\"--widget-offset:10px;\" class=\"n2-ss-widget n2-ss-control-bullet n2-ow-all n2-ss-control-bullet-horizontal\"><div class=\" nextend-bullet-bar n2-bar-justify-content-center\" role=\"group\" aria-label=\"Choose slide to display.\"><div class=\"n2-bullet n2-style-ba19d14a72f89b13029c6205bc48031f-dot n2-font-1818081a8334345bc54f58432bb3b272-dot \" style=\"visibility:hidden;\">&nbsp;<\/div><\/div><\/div><\/div><\/div><\/div><ss3-loader><\/ss3-loader><\/div><\/div><div class=\"n2_clear\"><\/div><\/div>\n\n\n<p><\/p>\n","protected":false},"excerpt":{"rendered":"<p>Aktuelle Neuerscheinung: Hoffnungslos &#8211; BDSM-Roman<\/p>\n","protected":false},"author":1,"featured_media":0,"parent":0,"menu_order":0,"comment_status":"closed","ping_status":"closed","template":"","meta":{"footnotes":""},"class_list":["post-29","page","type-page","status-publish","hentry"],"_links":{"self":[{"href":"https:\/\/dunkle-leidenschaft.de\/index.php?rest_route=\/wp\/v2\/pages\/29","targetHints":{"allow":["GET"]}}],"collection":[{"href":"https:\/\/dunkle-leidenschaft.de\/index.php?rest_route=\/wp\/v2\/pages"}],"about":[{"href":"https:\/\/dunkle-leidenschaft.de\/index.php?rest_route=\/wp\/v2\/types\/page"}],"author":[{"embeddable":true,"href":"https:\/\/dunkle-leidenschaft.de\/index.php?rest_route=\/wp\/v2\/users\/1"}],"replies":[{"embeddable":true,"href":"https:\/\/dunkle-leidenschaft.de\/index.php?rest_route=%2Fwp%2Fv2%2Fcomments&post=29"}],"version-history":[{"count":41,"href":"https:\/\/dunkle-leidenschaft.de\/index.php?rest_route=\/wp\/v2\/pages\/29\/revisions"}],"predecessor-version":[{"id":557,"href":"https:\/\/dunkle-leidenschaft.de\/index.php?rest_route=\/wp\/v2\/pages\/29\/revisions\/557"}],"wp:attachment":[{"href":"https:\/\/dunkle-leidenschaft.de\/index.php?rest_route=%2Fwp%2Fv2%2Fmedia&parent=29"}],"curies":[{"name":"wp","href":"https:\/\/api.w.org\/{rel}","templated":true}]}}